3 + 1222*p**2 - 9026*p + 1947. Give a(196).
-13
Let w(s) = -63*s**2 - 316*s - 255. Determine w(-4).
1
Let j(t) = 2*t**3 - 22*t**2 - 89*t + 715. What is j(5)?
-30
Let h(c) = -59*c**2 + 19*c + 39. Calculate h(-3).
-549
Let w(v) = -5352*v + 299743. Calculate w(56).
31
Let g(f) = -f**3 - 37*f**2 + 61*f + 684. Determine g(-38).
-190
Let t(u) = -u**3 - 63*u**2 + 829*u - 130. Determine t(-74).
-1240
Let s(f) = -23356*f + 2382306. Determine s(102).
-6
Let a(i) = -2007*i + 17407. Determine a(11).
-4670
Let y(c) = 2103*c + 10465. What is y(-4)?
2053
Let h(c) = 3*c**3 + 132*c**2 + 1030*c + 37. Determine h(-10).
-63
Let r(i) = i**3 + 110*i**2 + 3450*i + 411492. Calculate r(-112).
4
Let l(f) = 27*f**2 + 821*f - 300. Give l(-32).
1076
Let b(k) = -675*k**2 + 4725*k + 22. Give b(7).
22
Let k(q) = -9951*q + 5522824. What is k(555)?
19
Let a(z) = -z**3 - 3*z**2 - 157*z - 607. Give a(-4).
37
Let u(i) = 26880*i - 26903. What is u(1)?
-23
Let m(h) = -h**3 + 428*h**2 + 12652*h + 52902. Calculate m(456).
6
Let s(n) = 133*n + 157. What is s(4)?
689
Let j(u) = -89332*u - 1429315. Calculate j(-16).
-3
Let d(i) = 958*i - 73177. Determine d(77).
589
Let j(d) = 40*d**2 + 1316*d - 1501. Calculate j(-34).
-5
Let a(r) = -265*r + 1091. Give a(3).
296
Let b(o) = 33*o**3 + 1342*o**2 - 1352*o + 4. What is b(1)?
27
Let g(f) = -f**3 - 28*f**2 - 6*f - 204. What is g(-28)?
-36
Let s(v) = -247*v**2 + 716*v + 1079. Determine s(4).
-9
Let t(j) = -346*j - 39744. What is t(-117)?
738
Let z(w) = w**3 + 339*w**2 - 2367*w - 510. Give z(7).
-125
Let c(f) = 2*f**3 - 219*f**2 + 5517*f - 659. Calculate c(39).
43
Let p(a) = a**3 - 32*a**2 - 163*a - 207. Calculate p(-3).
-33
Let l(t) = 664*t - 60242. Calculate l(90).
-482
Let d(b) = 413*b**2 + 95821*b + 1154. Calculate d(-232).
-6
Let h(j) = -5*j**2 + 5663*j + 291952. Give h(1182).
-2
Let f(b) = -5*b**3 - 6*b**2 + 127*b - 379. Calculate f(3).
-187
Let x(g) = -52088*g - 208206. Determine x(-4).
146
Let f(u) = 243384*u - 8275050. Determine f(34).
6
Let r(d) = -200*d - 2346. Give r(-11).
-146
Let z(k) = k**3 - 11*k**2 + 20*k + 753. Give z(22).
6517
Let z(t) = 5*t**3 - 2616*t**2 - 94714*t + 333. Calculate z(-34).
-7
Let p(w) = 278870*w - 1673223. What is p(6)?
-3
Let d(n) = n**2 - 999*n - 256727. Determine d(1211).
5
Let d(r) = -30226*r + 60504. Determine d(2).
52
Let o(l) = 3*l**2 + 327*l + 1255. Determine o(-104).
-305
Let t(j) = -33692*j + 1886721. Calculate t(56).
-31
Let g(j) = -527*j + 13699. Calculate g(26).
-3
Let w(r) = -3374*r - 17711. Give w(-5).
-841
Let r(o) = 13*o**2 - 25127*o - 1768760. Give r(-68).
-12
Let p(j) = -5380*j - 1737754. Determine p(-323).
-14
Let i(o) = 1856124*o + 9. Calculate i(0).
9
Let w(v) = -4*v**2 + 568*v + 176939. Determine w(-151).
-33
Let h(y) = -233*y**2 - 1193*y - 4. Calculate h(-5).
136
Let n(f) = -4*f**3 - 165*f**2 + 495*f - 46. Determine n(-44).
-530
Let o(x) = -1156*x + 1075. Give o(-3).
4543
Let a(q) = -29550*q - 384167. What is a(-13)?
-17
Let r(z) = -1371*z - 631. Calculate r(1).
-2002
Let z(h) = h**3 - 17*h**2 - 46*h + 564. What is z(18)?
60
Let o(j) = -j**3 + 32*j**2 - 36*j - 629. Calculate o(30).
91
Let z(i) = -i**3 + 36*i**2 - 397*i + 33. What is z(20)?
-1507
Let f(w) = 306*w + 1115. Calculate f(-4).
-109
Let g(p) = p**3 + 245*p**2 - 410*p - 100491. Give g(-245).
-41
Let b(w) = -5024*w - 356707. Determine b(-71).
-3
Let m(c) = 2011*c + 34237. Calculate m(-17).
50
Let z(d) = d**3 - 171*d**2 + 725*d - 9523. What is z(167)?
-4
Let k(d) = 10*d**2 - 71*d + 105. Determine k(8).
177
Let w(f) = -3*f**2 - 435*f - 3355. Give w(-8).
-67
Let h(k) = 4231*k**2 - 12678*k - 36. Calculate h(3).
9
Let y(g) = -21*g**2 - 9908*g - 66491. Give y(-465).
4
Let r(y) = y**3 + 2*y**2 - 185*y - 558. What is r(-3)?
-12
Let l(n) = -25*n**3 + 182*n**2 + 540*n - 46. Determine l(-3).
647
Let f(s) = -7*s - 414. Determine f(-69).
69
Let h(v) = v**3 - 16*v**2 - 224*v - 47. Give h(24).
-815
Let h(k) = -9*k**2 + 2049*k - 32234. Determine h(17).
-2
Let n(g) = -248*g - 13869. Calculate n(-57).
267
Let m(q) = 250*q + 1878. Give m(-4).
878
Let f(g) = 7*g**2 - 471*g - 2496. What is f(78)?
3354
Let k(l) = 2*l**3 + 141*l**2 - 65*l + 622. What is k(-71)?
196
Let s(r) = 3*r**2 + 68*r - 425. Give s(-28).
23
Let c(r) = 4*r**2 + 1891*r - 6236. Calculate c(-476).
-48
Let v(o) = 606*o + 58999. Determine v(-97).
217
Let h(q) = 36*q**2 - 272*q - 1934. Determine h(-8).
2546
Let m(u) = 2*u**3 + 89*u**2 + 97*u - 499. What is m(-43)?
877
Let l(p) = -2*p**3 + 705*p**2 + 5742*p - 231. Determine l(-8).
-23
Let z(i) = -722552*i - 1445129. Calculate z(-2).
-25
Let h(d) = -997*d - 9280. Give h(-9).
-307
Let o(y) = 2*y**3 - 51*y**2 + 99*y - 2240. What is o(25)?
-390
Let j(x) = 22*x**3 - 15*x**2 - 1114*x - 1100. Calculate j(-1).
-23
Let g(h) = -h**3 - 96*h**2 + 727*h + 247. What is g(-103)?
-371
Let t(q) = -3*q**3 - 100*q**2 - 757*q + 83. Give t(-14).
-687
Let n(q) = 13*q**2 + 917*q + 3071. Determine n(-67).
-11
Let j(q) = -35486*q - 177067. What is j(-5)?
363
Let f(n) = -19*n**2 + 9864*n - 98229. Determine f(509).
8
Let q(z) = -36*z**2 + 208*z - 58. Calculate q(4).
198
Let b(l) = -l**3 - 999*l**2 - 16570*l + 2103. Determine b(-17).
-5
Let k(s) = s**2 - 63*s + 244. Calculate k(7).
-148
Let s(g) = -537*g + 26946. Determine s(50).
96
Let x(k) = k**2 - 215*k - 3701. Determine x(-16).
-5
Let f(v) = -915*v + 91261. Determine f(100).
-239
Let v(f) = -4*f**3 - 7*f**2 + 10*f + 287. Determine v(6).
-769
Let j(m) = -1175*m**2 + 17787*m - 2437. What is j(15)?
-7
Let v(u) = -3126*u - 93789. Calculate v(-30).
-9
Let n(x) = -4747*x**2 - 23779*x - 222. What is n(-5)?
-2
Let d(i) = i**3 + 652*i**2 - 42724*i + 245. What is d(60)?
5
Let u(y) = 11170*y + 245616. Give u(-22).
-124
Let y(p) = -4*p**2 - 29352*p + 293508. What is y(10)?
-412
Let w(a) = 3*a**3 - 31*a**2 + 77*a - 568. What is w(10)?
102
Let v(g) = 23*g**2 + 28*g + 67. Calculate v(-9).
1678
Let n(g) = g**3 + 86*g**2 - 874*g + 28. What is n(9)?
-143
Let k(o) = -6*o**2 + 5819*o + 29118. Calculate k(-5).
-127
Let r(q) = 26*q**2 - 437*q - 3856. Calculate r(23).
-153
Let r(o) = o**3 - 283*o**2 - 34972*o + 1526. Give r(376).
22
Let c(y) = -10*y**2 + 3168*y + 3161. Give c(-1).
-17
Let b(d) = 31*d**2 + 16204*d + 27615. Calculate b(-521).
2
Let l(b) = 3*b**2 - 854*b - 7962. Calculate l(-9).
-33
Let b(n) = 4*n**2 - 220*n + 2985. Give b(24).
9
Let b(y) = 168*y**3 + 480*y**2 - 31*y - 16. What is b(-3)?
-139
Let y(z) = -83*z - 4403. What is y(-47)?
-502
Let x(k) = k**2 - 1719*k - 20644. Give x(-12).
128
Let m(l) = 33*l**3 - 38*l**2 - 25*l + 10. Determine m(4).
1414
Let z(t) = 187681*t - 1876814. What is z(10)?
-4
Let u(d) = 735*d + 167683. What is u(-232)?
-2837
Let r(f) = f**2 + 35244*f - 1906082. What is r(54)?
10
Let b(w) = 605*w + 11036. Calculate b(-20).
-1064
Let a(w) = -267*w - 9205. Calculate a(-35).
140
Let f(q) = -39239*q - 78811. Calculate f(-2).
-333
Let a(n) = -2*n**2 - 51455*n - 617178. Give a(-12).
-6
Let k(f) = f**3 - 94*f**2 + 1239*f + 142. Calculate k(16).
-2
Let o(s) = -541*s**2 - 243991*s + 5. What is o(-451)?
5
Let b(v) = -3*v**3 + 361*v**2 - 252*v + 15801. Calculate b(120).
-39
Let c(u) = 4*u**3 + 111*u**2 + 284*u + 338. Give c(-25).
113
Let p(i) = -14*i**3 - 4*i**2 - 326*i + 1040. What is p(3)?
-352
Let a(t) = -207*t - 1572. Give a(4).
-2400
Let s(j) = -9965*j - 29923. Calculate s(-3).
-28
Let i(y) = 32*y**2 + 1655*y + 122. What is i(-50)?
-2628
Let c(o) = 17174*o + 3314594. Calculate c(-193).
12
Let s(k) = 4*k**3 - 68*k**2 - 62*k - 198. Determine s(19).
1512
Let y(z) = -10*z**3 - 66*z**2 - 330*z - 2324. Determine y(-7).
182
Let o(v) = 387*v - 64143. Calculate o(166).
99
Let d(z) = -1252*z - 2450. Determine d(-2).
54
Let y(a) = a**3 + 29*a**2 - 570*a - 15743. What is y(-31)?
5
Let w(k) = 13*k**3 + 415*k**2 - 86*k - 1732. Give w(-32).
-4
Let p(f) = -5*f**3 + 486*f**2 + 948*f - 5618. Determine p(99).
25
Let l(n) = n**3 + 18*n**2 - 325*n - 67. Determine l(-29).
107
Let r(o) = -o**3 - 5*o**2 - 487*o + 491. Give r(1).
-2
Let n(i) = -403*i - 13606. What is n(-33)?
-307
Let g(w) = 30757*w + 30531. What is g(-1)?
-226
Let o(t) = -7089*t + 77005. Calculate o(11).
-974
Let s(z) = -2*z**3 - 26*z**2 - 49*z - 274. Determine s(-10).
-384
Let a(t) = 4186*t + 87730. Calculate a(-21).
-176
Let y(w) = -483*w**2 + 26555*w + 531